{"id":295,"date":"2024-08-14T09:29:28","date_gmt":"2024-08-14T09:29:28","guid":{"rendered":"https:\/\/praktikum2.imnserver.de\/?page_id=295"},"modified":"2024-08-15T07:59:02","modified_gmt":"2024-08-15T07:59:02","slug":"wolkenentstehung","status":"publish","type":"page","link":"https:\/\/praktikum2.imnserver.de\/?page_id=295","title":{"rendered":"Wolkenentstehung"},"content":{"rendered":"\t\t<div data-elementor-type=\"wp-page\" data-elementor-id=\"295\" class=\"elementor elementor-295\">\n\t\t\t\t<div class=\"elementor-element elementor-element-54c4e45 e-flex e-con-boxed wpr-particle-no wpr-jarallax-no wpr-parallax-no wpr-sticky-section-no e-con e-parent\" data-id=\"54c4e45\" data-element_type=\"container\">\n\t\t\t\t\t<div class=\"e-con-inner\">\n\t\t\t\t<div class=\"elementor-element elementor-element-f1f44a1 elementor-widget elementor-widget-heading\" data-id=\"f1f44a1\" data-element_type=\"widget\" data-widget_type=\"heading.default\">\n\t\t\t\t<div class=\"elementor-widget-container\">\n\t\t\t<style>\/*! elementor - v3.23.0 - 05-08-2024 *\/\n.elementor-heading-title{padding:0;margin:0;line-height:1}.elementor-widget-heading .elementor-heading-title[class*=elementor-size-]>a{color:inherit;font-size:inherit;line-height:inherit}.elementor-widget-heading .elementor-heading-title.elementor-size-small{font-size:15px}.elementor-widget-heading .elementor-heading-title.elementor-size-medium{font-size:19px}.elementor-widget-heading .elementor-heading-title.elementor-size-large{font-size:29px}.elementor-widget-heading .elementor-heading-title.elementor-size-xl{font-size:39px}.elementor-widget-heading .elementor-heading-title.elementor-size-xxl{font-size:59px}<\/style><h2 class=\"elementor-heading-title elementor-size-default\">Die Wolkenentstehung<\/h2>\t\t<\/div>\n\t\t\t\t<\/div>\n\t\t\t\t\t<\/div>\n\t\t\t\t<\/div>\n\t\t<div class=\"elementor-element elementor-element-10b8d79 e-flex e-con-boxed wpr-particle-no wpr-jarallax-no wpr-parallax-no wpr-sticky-section-no e-con e-parent\" data-id=\"10b8d79\" data-element_type=\"container\">\n\t\t\t\t\t<div class=\"e-con-inner\">\n\t\t\t\t<div class=\"elementor-element elementor-element-d3c4667 elementor-widget elementor-widget-text-editor\" data-id=\"d3c4667\" data-element_type=\"widget\" data-widget_type=\"text-editor.default\">\n\t\t\t\t<div class=\"elementor-widget-container\">\n\t\t\t<style>\/*! elementor - v3.23.0 - 05-08-2024 *\/\n.elementor-widget-text-editor.elementor-drop-cap-view-stacked .elementor-drop-cap{background-color:#69727d;color:#fff}.elementor-widget-text-editor.elementor-drop-cap-view-framed .elementor-drop-cap{color:#69727d;border:3px solid;background-color:transparent}.elementor-widget-text-editor:not(.elementor-drop-cap-view-default) .elementor-drop-cap{margin-top:8px}.elementor-widget-text-editor:not(.elementor-drop-cap-view-default) .elementor-drop-cap-letter{width:1em;height:1em}.elementor-widget-text-editor .elementor-drop-cap{float:left;text-align:center;line-height:1;font-size:50px}.elementor-widget-text-editor .elementor-drop-cap-letter{display:inline-block}<\/style>\t\t\t\t<p>Wie entstehen denn nun eigentlich Wolken? Ganz einfach!<br>Warme Luft steigt ganz nat\u00fcrlich nach oben.<br>Dabei wird sie k\u00fchler und der unsichtbare Wasserdampf in der<br>Luft wird zu winzigen Wassertr\u00f6pfchen oder Eiskristallen.<br>Diese kleinen Tr\u00f6pfchen sammeln sich und bilden eine Wolke.<br>Stell dir vor, die Wolke ist wie ein weiches Kissen aus vielen kleinen Tr\u00f6pfchen, welche im Himmel schweben.<br>Spannend, oder?<\/p>\t\t\t\t\t\t<\/div>\n\t\t\t\t<\/div>\n\t\t\t\t<div class=\"elementor-element elementor-element-4d0190b elementor-widget elementor-widget-image\" data-id=\"4d0190b\" data-element_type=\"widget\" data-widget_type=\"image.default\">\n\t\t\t\t<div class=\"elementor-widget-container\">\n\t\t\t<style>\/*! elementor - v3.23.0 - 05-08-2024 *\/\n.elementor-widget-image{text-align:center}.elementor-widget-image a{display:inline-block}.elementor-widget-image a img[src$=\".svg\"]{width:48px}.elementor-widget-image img{vertical-align:middle;display:inline-block}<\/style>\t\t\t\t\t\t\t\t\t\t<img fetchpriority=\"high\" decoding=\"async\" width=\"800\" height=\"605\" src=\"https:\/\/praktikum2.imnserver.de\/wp-content\/uploads\/2024\/08\/WolkenentstehungGrafik-1024x774.png\" class=\"attachment-large size-large wp-image-418\" alt=\"\" srcset=\"https:\/\/praktikum2.imnserver.de\/wp-content\/uploads\/2024\/08\/WolkenentstehungGrafik-1024x774.png 1024w, https:\/\/praktikum2.imnserver.de\/wp-content\/uploads\/2024\/08\/WolkenentstehungGrafik-300x227.png 300w, https:\/\/praktikum2.imnserver.de\/wp-content\/uploads\/2024\/08\/WolkenentstehungGrafik-768x580.png 768w, https:\/\/praktikum2.imnserver.de\/wp-content\/uploads\/2024\/08\/WolkenentstehungGrafik-1536x1160.png 1536w, https:\/\/praktikum2.imnserver.de\/wp-content\/uploads\/2024\/08\/WolkenentstehungGrafik.png 1763w\" sizes=\"(max-width: 800px) 100vw, 800px\" \/>\t\t\t\t\t\t\t\t\t\t\t\t\t<\/div>\n\t\t\t\t<\/div>\n\t\t\t\t\t<\/div>\n\t\t\t\t<\/div>\n\t\t\t\t<\/div>\n\t\t","protected":false},"excerpt":{"rendered":"<p>Die Wolkenentstehung Wie entstehen denn nun eigentlich Wolken? Ganz einfach!Warme Luft steigt ganz nat\u00fcrlich nach oben.Dabei wird sie k\u00fchler und der unsichtbare Wasserdampf in derLuft wird zu winzigen Wassertr\u00f6pfchen oder Eiskristallen.Diese kleinen Tr\u00f6pfchen sammeln sich und bilden eine Wolke.Stell dir vor, die Wolke ist wie ein weiches Kissen aus vielen kleinen Tr\u00f6pfchen, welche im Himmel schweben.Spannend, oder?<\/p>\n","protected":false},"author":1,"featured_media":0,"parent":0,"menu_order":0,"comment_status":"closed","ping_status":"closed","template":"elementor_header_footer","meta":{"footnotes":""},"class_list":["post-295","page","type-page","status-publish","hentry"],"_links":{"self":[{"href":"https:\/\/praktikum2.imnserver.de\/index.php?rest_route=\/wp\/v2\/pages\/295","targetHints":{"allow":["GET"]}}],"collection":[{"href":"https:\/\/praktikum2.imnserver.de\/index.php?rest_route=\/wp\/v2\/pages"}],"about":[{"href":"https:\/\/praktikum2.imnserver.de\/index.php?rest_route=\/wp\/v2\/types\/page"}],"author":[{"embeddable":true,"href":"https:\/\/praktikum2.imnserver.de\/index.php?rest_route=\/wp\/v2\/users\/1"}],"replies":[{"embeddable":true,"href":"https:\/\/praktikum2.imnserver.de\/index.php?rest_route=%2Fwp%2Fv2%2Fcomments&post=295"}],"version-history":[{"count":28,"href":"https:\/\/praktikum2.imnserver.de\/index.php?rest_route=\/wp\/v2\/pages\/295\/revisions"}],"predecessor-version":[{"id":439,"href":"https:\/\/praktikum2.imnserver.de\/index.php?rest_route=\/wp\/v2\/pages\/295\/revisions\/439"}],"wp:attachment":[{"href":"https:\/\/praktikum2.imnserver.de\/index.php?rest_route=%2Fwp%2Fv2%2Fmedia&parent=295"}],"curies":[{"name":"wp","href":"https:\/\/api.w.org\/{rel}","templated":true}]}}